{"id":18,"date":"2019-06-10T08:47:21","date_gmt":"2019-06-10T08:47:21","guid":{"rendered":"http:\/\/maison-eliseetphilipp.de\/?page_id=18"},"modified":"2025-10-07T11:12:08","modified_gmt":"2025-10-07T09:12:08","slug":"ausstattung","status":"publish","type":"page","link":"http:\/\/maison-eliseetphilipp.de\/?page_id=18","title":{"rendered":"<p style=\"text-align: left;\"> Ausstattung<\/p>"},"content":{"rendered":"\n<p class=\"has-text-align-left\">Unsere 60qm gro\u00dfe Ferienwohnung verf\u00fcgt \u00fcber zwei Schlafzimmer mit je einem Doppelbett, eine voll ausgestattete K\u00fcche, ein Badezimmer mit Dusche und WC und ein gem\u00fctliches Wohnzimmer mit Zugang zum Garten mit Sitzgruppe. <\/p>\n\n\n\n<p class=\"has-text-align-left\"><br><strong>Ausstattung K\u00fcche<\/strong><\/p>\n\n\n\n<ul class=\"wp-block-list\">\n<li>Cerankochfeld<\/li>\n\n\n\n<li>K\u00fchlschrank mit Gefrierfach<\/li>\n\n\n\n<li>Backofen<\/li>\n\n\n\n<li>Sp\u00fclmaschine<\/li>\n\n\n\n<li>Nespresso Kaffeemaschine<\/li>\n\n\n\n<li>Krups Filterkaffee Maschine<\/li>\n\n\n\n<li>Wasserkocher<\/li>\n\n\n\n<li>Toaster<\/li>\n\n\n\n<li>Vielzahl an K\u00fcchenutensilien und Kleinausstattungen<\/li>\n<\/ul>\n\n\n\n<p class=\"has-text-align-left\"><br><strong>zus\u00e4tzliche Ausstattung<\/strong><\/p>\n\n\n\n<ul class=\"wp-block-list\">\n<li>Gartenm\u00f6bel\/Sonnenschirm<\/li>\n\n\n\n<li>Smart-TV, Radio, WLAN<\/li>\n\n\n\n<li>Fu\u00dfbodenheizung im Bad<\/li>\n\n\n\n<li>Rolll\u00e4den\/Klappl\u00e4den<\/li>\n\n\n\n<li>Badet\u00fccher \/ Handt\u00fccher \/ F\u00f6hn (Badem\u00e4ntel auf Anfrage)<\/li>\n\n\n\n<li>Geschirrt\u00fccher<\/li>\n\n\n\n<li>Kinderhochstuhl\/Kinderbett<\/li>\n\n\n\n<li>Waschmaschine \/ Trockner<\/li>\n\n\n\n<li>eigener Parkplatz<\/li>\n<\/ul>\n\n\n\n<p class=\"has-text-align-left\"><br><strong>Optional buchbar<\/strong><\/p>\n\n\n\n<ul class=\"wp-block-list\">\n<li>Reinigungsservice w\u00e4hrend des Aufenthalts<\/li>\n<\/ul>\n","protected":false},"excerpt":{"rendered":"<p>Unsere 60qm gro\u00dfe Ferienwohnung verf\u00fcgt \u00fcber zwei Schlafzimmer mit je einem Doppelbett, eine voll ausgestattete K\u00fcche, ein Badezimmer mit Dusche und WC und ein gem\u00fctliches Wohnzimmer mit Zugang zum Garten mit Sitzgruppe. Ausstattung K\u00fcche zus\u00e4tzliche Ausstattung Optional buchbar<\/p>\n","protected":false},"author":1,"featured_media":0,"parent":0,"menu_order":0,"comment_status":"closed","ping_status":"closed","template":"","meta":{"footnotes":""},"class_list":["post-18","page","type-page","status-publish","hentry"],"_links":{"self":[{"href":"http:\/\/maison-eliseetphilipp.de\/index.php?rest_route=\/wp\/v2\/pages\/18","targetHints":{"allow":["GET"]}}],"collection":[{"href":"http:\/\/maison-eliseetphilipp.de\/index.php?rest_route=\/wp\/v2\/pages"}],"about":[{"href":"http:\/\/maison-eliseetphilipp.de\/index.php?rest_route=\/wp\/v2\/types\/page"}],"author":[{"embeddable":true,"href":"http:\/\/maison-eliseetphilipp.de\/index.php?rest_route=\/wp\/v2\/users\/1"}],"replies":[{"embeddable":true,"href":"http:\/\/maison-eliseetphilipp.de\/index.php?rest_route=%2Fwp%2Fv2%2Fcomments&post=18"}],"version-history":[{"count":20,"href":"http:\/\/maison-eliseetphilipp.de\/index.php?rest_route=\/wp\/v2\/pages\/18\/revisions"}],"predecessor-version":[{"id":419,"href":"http:\/\/maison-eliseetphilipp.de\/index.php?rest_route=\/wp\/v2\/pages\/18\/revisions\/419"}],"wp:attachment":[{"href":"http:\/\/maison-eliseetphilipp.de\/index.php?rest_route=%2Fwp%2Fv2%2Fmedia&parent=18"}],"curies":[{"name":"wp","href":"https:\/\/api.w.org\/{rel}","templated":true}]}}